f = -5*f - 10481. List the prime factors of t.
3, 233
Let f be 20/(-6) - 14/(-42) - -3. Suppose f = 3*x - 165 - 48. List the prime factors of x.
71
Let m = -68 + 76. Suppose g - 3*j - 353 = 0, 0 = m*g - 3*g + 3*j - 1783. What are the prime factors of g?
2, 89
Let z(m) = -4 - 5*m + 3*m + 2. Suppose -43 = -4*d - 99. What are the prime factors of z(d)?
2, 13
Let x(s) = -13*s**3 + 21*s**2 + 8*s - 8. Let d(v) = -3*v**3 + 5*v**2 + 2*v - 2. Let w(r) = -9*d(r) + 2*x(r). List the prime factors of w(4).
2, 5
Suppose -702 = 12*s - 9198. What are the prime factors of s?
2, 3, 59
Suppose 232 = 4*w - 3372. Suppose w = 11*b - 1079. List the prime factors of b.
2, 3, 5
Let q(g) = -7*g - 4. Let z be q(-3). Suppose 0*n - k = -4*n + z, 5*n - k - 22 = 0. Suppose -n*y - 12 = -6*y. List the prime factors of y.
2, 3
Let b be -1 - (16/(-4) + 3). Let p be 577/5 - 3/(-5). Suppose -g + 0*d + d + 47 = b, -3*g + p = 2*d. List the prime factors of g.
2, 3, 7
Let q = 15 + 15. Let k = 39 - q. List the prime factors of k.
3
Let v(p) = 292*p + 77. List the prime factors of v(5).
29, 53
Let q(v) = -v**3 + 20*v**2 - 21*v + 24. Let b be q(18). Suppose 50 = -4*l + b. What are the prime factors of l?
61
What are the prime factors of (-2)/((-6)/28*16/732)?
7, 61
Suppose -3*h = 0, -2*h = 3*q - 5*h - 15. Suppose -i - 2*k = -105, -q*i + 0*i = 3*k - 525. What are the prime factors of i?
3, 5, 7
Let c = 6307 + -3290. List the prime factors of c.
7, 431
Let a(f) = f + 10. Let w be a(-8). Let n(l) = 3*l**2 - 3*l**2 + 8*l**w. What are the prime factors of n(-2)?
2
List the prime factors of (3 + -2)*(1969 + -1).
2, 3, 41
Let c(p) = -p**2 + 6 - 3*p**2 - 3*p - 2 + 5*p**3 - 6*p**3. Let q be c(-5). What are the prime factors of (-1 + q/8)*6?
3
Let n = -61 + 228. What are the prime factors of n?
167
Let q = -20 - -24. Suppose 5*a = 2*a - q*o + 269, a - 99 = o. List the prime factors of a.
5, 19
Let k(w) = -w**2 - 20*w - 31. Let q(n) = -n. Let x(j) = k(j) - 6*q(j). What are the prime factors of x(-10)?
3
Let x(w) be the third derivative of 1/8*w**4 - 1/120*w**6 + 0 - 1/60*w**5 + 0*w + 1/3*w**3 + 4*w**2. List the prime factors of x(-3).
11
Let d(i) = 27*i + 699. What are the prime factors of d(20)?
3, 7, 59
Suppose -99 = 2*m - 5*m. Let q = 49 - m. Suppose 0 = -2*t + q + 84. What are the prime factors of t?
2, 5
Let q = 979 + -534. List the prime factors of q.
5, 89
Let o be (42/(-9) - -4)/(6/(-27)). What are the prime factors of ((-1 - -2) + -2)*(o - 109)?
2, 53
Let u be (-1 - 0)/(5/(-25)). Let f(m) = -m**2 + 5*m + 2. Let o be f(u). Suppose 0 = h + o*b - 17, h + 4*b - 14 = 3*b. What are the prime factors of h?
11
Let x(h) = -h**2 - 8*h + 1. Let t be x(-6). Let v = t - 9. Suppose 24 = r - v. List the prime factors of r.
2, 7
Let m = 29 + -22. Suppose 0 = -2*n + m*n - 400. List the prime factors of n.
2, 5
Suppose -73*g + 62592 + 34644 = 0. List the prime factors of g.
2, 3, 37
Let m(o) = o**3 - 9*o**2 + o - 7. What are the prime factors of m(10)?
103
Let i = 15 - 12. List the prime factors of 62 - -4*i/(-6).
2, 3, 5
Let o(n) = n**3 - n**2 + n + 5. Let p be o(0). Suppose 0 = 2*g + p*u - 2*u - 218, -u = g - 108. List the prime factors of g.
2, 53
Let m(r) = -r**3 + 28*r**2 - 34*r - 81. What are the prime factors of m(25)?
2, 59
Suppose 3*r - j - 14 = -47, 2*r + 22 = 5*j. Let b = r - -41. List the prime factors of b.
2, 3, 5
Let c(y) = 11*y**2 - 107*y + 2. List the prime factors of c(17).
2, 3, 227
Let x = 28 + -15. Suppose -4*r = -1 + x. List the prime factors of ((-10)/r)/(16/120).
5
Suppose 6334 = 3*s + 5*j, 0 = -28*s + 26*s - 3*j + 4221. What are the prime factors of s?
3, 701
Let m(d) = d**3 - 10*d**2 + 9*d + 2. Let w be m(9). Suppose k + t + 4 = 0, 28 = -3*k + k + w*t. Let n = 63 + k. What are the prime factors of n?
2, 3
Suppose 4*i - 4*z - 8096 = 0, i + 0*i - 2*z = 2027. List the prime factors of i.
43, 47
Let u(f) = -f**3 + 4*f**2 + 4*f + 4. Let i be u(5). Let g be (-8)/2*i - 19. Let c = 10 - g. List the prime factors of c.
5
Suppose -4*p = -4*z + 600, -2*z + 5*p = -5*z + 474. Suppose -5*u - h + 141 + z = 0, -2*u + 114 = 4*h. List the prime factors of u.
59
Let n(k) = -k - 17. Let l be n(-7). Let i = l - -9. List the prime factors of i/(1*(-3)/132).
2, 11
Let t(r) = 3*r**2 + 4*r + 8. Let g be t(10). Suppose 2*d = -f + 5*f - g, -82 = -f - 2*d. List the prime factors of f/6*1*3.
43
Let t = 151 - 4. Let y = t + -95. What are the prime factors of y?
2, 13
Let f(w) = 2*w + 542. List the prime factors of f(0).
2, 271
Suppose 3*h = 5*d + 20 - 1040, -4*d = -4*h - 816. Let w = 124 + d. What are the prime factors of w?
2, 41
Suppose 5*t - 35 = -0*t. Suppose 7 = -4*g - 3*i, 2*i + 2*i = 4*g - 28. Suppose 0 = -g*z + t*z - 225. What are the prime factors of z?
3, 5
Let k = -1683 - -2159. What are the prime factors of k?
2, 7, 17
Let q = 40 - 62. Let z = -18 - q. Suppose z*b - 235 = 33. What are the prime factors of b?
67
Let a be ((-32)/12)/(2/(-3)). Let y = -12 + a. List the prime factors of 0 + -1 + (-4 - y).
3
Suppose -2 = -5*b - 17. Let z be 1 + -5 - (b - -7). Let h(f) = -2*f - 4. List the prime factors of h(z).
2, 3
Let k be (6/24)/((-1)/4). What are the prime factors of ((-104)/(-39))/(k/(-12))?
2
Let r be ((-10)/(-3) + -3)*6. Let n(x) = x - 4 - r*x - 3*x + 0*x. List the prime factors of n(-8).
2, 7
Suppose 2*b - 5*t = -b - 11, 0 = -b - 5*t + 23. Suppose -b*u + 16 = u. List the prime factors of u/(-14) - 1368/(-84).
2
Let m(g) = 3*g - 17. Let v be m(-11). What are the prime factors of v/4*6/(-3)?
5
Let s be (-9)/(-36) - 1235/(-4). Suppose -91 = 2*g - s. What are the prime factors of g?
109
Suppose t = 7*t - 2076. Suppose 5*z + 5*a - 2*a - 405 = 0, -t = -4*z + 2*a. List the prime factors of z.
2, 3, 7
Suppose 14*f = 16*f + 4. Let n(c) = c**2 + 3*c + 4. Let u be n(f). Suppose -u*x = -9*x + 441. What are the prime factors of x?
3, 7
Let k(b) = -68*b + 832. What are the prime factors of k(-32)?
2, 47
Suppose z = 5*n - 2, -2*z - 5 = 5*n - 1. Suppose -c + 6 = 2*c. Suppose n = 4*a - m + 3*m - 94, 0 = -c*m + 6. List the prime factors of a.
2, 11
Let a = 229 + 388. List the prime factors of a.
617
Suppose 17 = -3*u - 52. Let p = u - -5. List the prime factors of (51/(-9))/(6/p).
17
Suppose 4*h + l = 79, 0*h + 3*h + l = 58. Suppose -r = -h - 24. What are the prime factors of r?
3, 5
Suppose -2*q - 5*m + 1207 = 0, 0 = -2*q + 9*m - 4*m + 1197. List the prime factors of q.
601
Suppose 345 = n + 343. Let q(m) = -m**3 + m. Let t(l) = 5*l**3 - 2*l**2 - 1. Let a(i) = 2*q(i) + t(i). List the prime factors of a(n).
19
Suppose -3*q + 81 = 5*a - 2*a, 3*q - 139 = -5*a. What are the prime factors of a?
29
Let i(d) = 2*d**2 + 25*d + 5. Let s(n) = n**2 + 13*n + 3. Let k(v) = -3*i(v) + 7*s(v). Let w(x) = 13*x + 23. Let a be w(-3). What are the prime factors of k(a)?
2, 3
Let w be -2*3/((-18)/(-15)). Let j(s) = -7*s - 4 - 6*s**2 + 0 - 10*s**3 + 9*s**3. What are the prime factors of j(w)?
2, 3
What are the prime factors of ((-468)/416)/(3/(-1464))?
3, 61
List the prime factors of 35/(-14)*(2*-8 - 2).
3, 5
Let k = 15 - 13. Let z(n) = 4*n**3 + 19*n**2 + 11*n + 11. Let o(m) = m**3 + 5*m**2 + 3*m + 3. Let g(d) = k*z(d) - 9*o(d). List the prime factors of g(-7).
2, 3, 5
Let u(q) = -10*q**3 + 4*q + 7. What are the prime factors of u(-2)?
79
Let a(y) = 3*y**2 - 30*y + 25. Let m(k) = k**2 - k + 1. Let u(q) = a(q) - 4*m(q). List the prime factors of u(-19).
2, 7, 11
Let r(q) = 2 + 16*q + 2 + 2*q**2 + 0 + 9. What are the prime factors of r(-13)?
11, 13
Let q(v) be the third derivative of v**6/120 + v**5/5 - 7*v**4/12 + 3*v**3/2 - 41*v**2. What are the prime factors of q(-12)?
3, 59
Let l(j) = 3*j**2 - 15*j - 42. Let k(t) = -7*t - 42. Let a be k(-5). What are the prime factors of l(a)?
2, 3, 5, 7
What are the prime factors of 2656/20 - (-4 - (-19)/5)?
7, 19
Let t be (28/(-8) + 3)*-12. Suppose 3*u + 3 = 3*g + t*u, u - 1 = 2*g. Suppose 4*b - 70 = -5*n - g*b, 0 = 3*n - 2*b - 64. What are the prime factors of n?
2, 3
Let n(x) = x**3 - 18*x**2 + 30*x. List the prime factors of n(20).
2, 5, 7
Suppose -d = -5*d + 2*j + 58, -9 = -2*d + 5*j. What are the prime factors of (1 - 4) + (d - -1 - 1)?
2, 7
Suppose 3*s = 3*x + 45, 2*x - x = -3*s + 45. Let m = s + -10. Let v = m + 5. What are the prime factors of v?
2, 5
Let h = 35 + 16. Suppose 2*z - 